16*v - 16. Let q be 110/(-8) + 2/16*-2. What is the tens digit of c(q)?
5
Let l = 211 + -209. Suppose s - 5*m = -0*m + 149, 5*s + l*m - 691 = 0. What is the tens digit of s?
3
What is the ten thousands digit of 12463 - 9/(-45)*-5 - -10?
1
Let t(l) = -l**2 + l + 8. Let q be t(3). Suppose 756 = -4*w - q*w. Let j = w + 281. What is the tens digit of j?
5
Suppose 119 = x - 2*r, -3*x = -4*x + 5*r + 116. Let u(p) = -p**3 + 7*p**2 - 4*p - 1. Let z be u(6). Suppose z = 6*m - x. What is the units digit of m?
2
Let g = -12741 + 18209. What is the units digit of g?
8
Let d be (-262)/(-6) + (-2)/(-6). Suppose 30*w + 1540 - 1660 = 0. Suppose 0 = x - 4*s - 9, 0 = -x - 7*s + w*s + d. What is the units digit of x?
9
Let f(h) be the third derivative of 1/8*h**4 + 23/60*h**5 + 1/6*h**3 + 13*h**2 + 0 + 0*h. What is the units digit of f(-2)?
7
Suppose 2*d + 3*d = -3*t + 606, 0 = -2*t + 4. Let u = 1164 + d. What is the tens digit of u?
8
Suppose d = -3*d + 376. Suppose -d = 3*b - 472. Let g = -87 + b. What is the units digit of g?
9
Let c(j) = 28*j + 29. Let g(r) = 55*r + 57. Let d(o) = 7*c(o) - 3*g(o). What is the tens digit of d(11)?
7
Suppose -100*g + 778611 = -371115 + 269826. What is the thousands digit of g?
8
Suppose 57*o - 3019502 = -61*o. What is the hundreds digit of o?
5
Let i(q) = 2*q**3 - 44*q**2 + q + 8054. What is the tens digit of i(0)?
5
Let l = 73 - 70. Suppose 3*x = 9 + l, 4*i - x + 4 = 0. What is the units digit of i/(0 + -1) - (-138)/1?
8
Let i(q) = 63*q**2 + 4*q + 1. Let w be i(-3). Suppose -4*m + w = -196. Suppose -2*l + 145 = 5*f, -3*l - 2*f + 35 = -m. What is the tens digit of l?
7
Suppose 9*a + 4*a - 59*a + 312064 = 0. What is the units digit of a?
4
Let a(f) = f - 3. Let u be a(12). Suppose -30 = -13*m + u. What is the tens digit of m - 147/(-2 - 1)?
5
Let v(k) = -24979*k**3 + 2*k**2 - 6*k - 5. What is the hundreds digit of v(-1)?
9
Suppose 2*q + 5*c + 34 = 0, 5*c - 10 + 9 = 3*q. What is the hundreds digit of (-3)/q - (-73350)/105?
6
What is the tens digit of 402/(-1474) - (-1155380)/22?
1
Suppose 0 = -4*i - 5*x + 91465, 0 = 3*i + 4*x - 45057 - 23543. What is the hundreds digit of i?
8
Let u(c) = c**2 + 30*c - 30. Let n be u(25). Suppose n + 1148 = 9*m. What is the tens digit of m?
7
Let u(t) = -185*t**3 + 4*t**2 + 5*t + 2. Suppose -3*s - 2*s - 5 = -5*f, 5*f = 3*s + 3. What is the tens digit of u(s)?
8
Let i = 90 - -157. Suppose t = i + 127. What is the tens digit of t?
7
Suppose 298*b - 292*b = -1734. What is the units digit of (-365330)/b - (2/17)/1?
4
Let l be 4/(-3) - 8*3/36. Let c be 2 + 0*l/(-4). Suppose -5*g + 135 = 4*k, 0 = -3*k + c*k. What is the tens digit of g?
2
Let k(t) = 5*t + 11. Let v be k(-2). What is the units digit of 85 + (-1*v)/(12/(-48))?
9
Let t(q) be the first derivative of q**4/4 + 17*q**3/3 - 13*q**2/2 + 23*q - 10. Let d be t(-17). Suppose 16*n - 20*n = -d. What is the tens digit of n?
6
Let u = 2317 - -11168. What is the ten thousands digit of u?
1
What is the tens digit of 10 + (16554/5)/((-22)/(-55))?
8
Suppose -3*q - 47220 = -33*q. What is the hundreds digit of 144/(-192) - q/(-8)?
1
Suppose 28 = -4*v + 2*v. Let s(p) = p**2 + 11*p + 2. Let c be s(v). Let g = c + -17. What is the tens digit of g?
2
Let c = -9712 + 21348. What is the ten thousands digit of c?
1
Suppose 71*v - 1898505 = 394085. What is the hundreds digit of v?
2
Suppose -524 = -12*m + 8*m. Let t = m - -239. What is the units digit of t?
0
Let c(f) = 718*f + 1353. What is the ten thousands digit of c(58)?
4
Let k(g) = -6355*g**3 - 9*g**2 - 9*g - 6. What is the thousands digit of k(-1)?
6
Let y(a) = a**3 - 20*a**2 + 13*a - 32. Let x be y(19). Let w = x - -343. What is the units digit of w?
7
Suppose 3*k + 27 = -6. Let b = k - -14. Suppose -2*a + b*a = -j + 177, -3*j + 531 = a. What is the tens digit of j?
7
Suppose -340 = 16*l - 1780. Let y = 132 - l. What is the tens digit of y?
4
Suppose 5*m - 227669 + 12184 = 0. What is the hundreds digit of m?
0
Let o = 66 - 62. Suppose 0 = -2*r - o*k - 10, -3*r - 2*k - 28 = -9. Let m(j) = -13*j - 11. What is the units digit of m(r)?
0
Let w(h) = -262*h + 13. Let m(s) = -265*s + 12. Let r(i) = -6*m(i) + 7*w(i). What is the tens digit of r(-4)?
9
Let k(t) = -5*t**2 - 3*t - 6. Let h be k(5). Suppose -7*f + 832 = -15*f. Let l = f - h. What is the tens digit of l?
4
Let k be (-68)/3*(9 - 6). Let p = -4 - 32. Let b = p - k. What is the tens digit of b?
3
Let m = -12042 - -21621. What is the tens digit of m?
7
Let t(m) = -m**3 + 4*m**2 - 18*m - 57. Let z be t(13). What is the tens digit of (3/2)/((-18)/z)?
5
Let t = 12635 + -5626. What is the thousands digit of t?
7
Let t(o) = -2*o + 9. Let g be t(-3). What is the hundreds digit of g/6*11/(11/240)?
6
Suppose 3*o - 50489 = -5*g, -4*g = 2*o + 826 - 34482. What is the ten thousands digit of o?
1
Let q(t) be the second derivative of 145*t**3/6 - 7*t**2/2 + 25*t. What is the hundreds digit of q(3)?
4
Let a = -19 - -78. Suppose 0*b = -5*u - 3*b - 385, u + a = 3*b. Let q = -35 - u. What is the units digit of q?
9
Suppose -b + 2*b = -842. Let c = -341 - b. Suppose -3*a - c = -3*n, n - 4*a - 171 = a. What is the units digit of n?
6
Let u = 14175 + 1169. What is the tens digit of u/84 + (-1)/(-3)?
8
Let j(t) = 4*t**3 - 5*t**2 - 8*t + 10. Let v(s) = -3*s**3 + 4*s**2 + 9*s - 9. Let l(a) = -2*j(a) - 3*v(a). What is the units digit of l(5)?
7
Suppose 0 = 235*r - 584872 - 197208. What is the tens digit of r?
2
Suppose 0 = -2*u + 2*g + 2350, -u + 4*g = 2*u - 3523. Suppose -1007 = -4*w + u. What is the units digit of w?
6
Suppose 29*g - 2827 = -v + 24*g, 0 = 5*v - 5*g - 14015. What is the units digit of v?
7
What is the tens digit of (-3 + 8 - (-7 - (2 - 9))) + 5498?
0
Suppose 0 = 2*z + 5*z - 14. Suppose -z*w + 5*y = 3 - 34, -w + 11 = -y. Suppose 10*k - w*k = 92. What is the units digit of k?
6
Suppose 5*c = 44 + 406. Suppose 0 = p - c - 131. What is the units digit of p?
1
Let n(t) = -9*t**2 + 2*t**2 - 14 - 2*t + 10*t + 8*t**2. Let c = 8 + -19. What is the units digit of n(c)?
9
Let j(a) be the third derivative of -a**4 + 193*a**3/6 - 33*a**2. What is the tens digit of j(3)?
2
Let y = -58 + -390. Let l = -179 - y. What is the units digit of l?
9
Let d = -324 - -552. Suppose 0 = -0*w + w - d. What is the tens digit of w?
2
Let x = -471 + 630. Suppose -x = -w - 3*p, 7*p = 5*w + 8*p - 851. What is the units digit of w?
1
Suppose 10*w - 47 = 23. Let z = w + 83. What is the tens digit of 455/6 + 15/z?
7
Let b = 20 + -26. Let x(r) be the second derivative of -r**5/10 - 3*r**4/4 - 4*r**3/3 + 5*r**2/2 - 7*r + 2. What is the tens digit of x(b)?
6
Let f(d) = 59*d**2 - 61*d + 20. What is the hundreds digit of f(-15)?
2
Suppose -39714 = -i - 2*d, 3*i + d = 49961 + 69206. What is the units digit of i?
4
Suppose c + 2*t - 6 = 0, -5*t + 15 = 4*c - 0*t. What is the units digit of (24 + 21)*(-17)/(-1 - c)?
5
Suppose -7*c = -2*z - 10*c + 2271, -z + 1152 = -4*c. What is the units digit of z?
0
Let f = -345 - -407. Suppose f*c - 4280 = 57*c. What is the hundreds digit of c?
8
Suppose 391 - 486 = -5*p. Suppose p*w - 21*w = -1426. What is the hundreds digit of w?
7
Suppose 4*l = 3*n + 3267 + 1005, 0 = 2*n. Let y = -59 + l. What is the hundreds digit of y?
0
Let i = 9027 - 574. What is the hundreds digit of i?
4
Suppose 795*n - 811*n = -547136. What is the ten thousands digit of n?
3
Let g(i) = 1058*i + 411. What is the units digit of g(5)?
1
Let u(q) = 10*q - 35. Let x(b) = -b - 3. Let z(f) = -u(f) + 6*x(f). Let o = -12 - -6. What is the tens digit of z(o)?
1
Suppose 3*g = 3*r - 3357, -5*r - g + 14 = -5611. Suppose -65*u + 61*u + r = 0. What is the tens digit of u?
8
Let y = -33 + 18. Let i = -95 - -97. What is the units digit of (i - 508/y) + (-10)/(-75)?
6
Let l = -2902 - -917. Let b = 2912 + l. What is the tens digit of b?
2
What is the ten thousands digit of (50/(1700/236334))/((-2)/(-6))?
2
Let d(f) = -169*f**3 + 0 - f**2 + 3 - 2. Suppose -5 = -41*t - 46. What is the hundreds digit of d(t)?
1
Let r(m) be the second derivative of -3*m**5/20 + m**4/24 + 3*m**3 - 26*m. Let i(f) be the second derivative of r(f). What is the tens digit of i(-5)?
9
Let u = 16 - 12. Suppose -u*k + 5*k = 5*b - 76, -4*b + 62 = -2*k. What is the units digit of ((-213)/(-2))/((315/28)/b)?
2
Let w be (1 - -1 - 15)*(-10)/